{"id":504,"date":"2025-06-22T20:56:53","date_gmt":"2025-06-22T18:56:53","guid":{"rendered":"https:\/\/stephane-martin.fr\/?page_id=504"},"modified":"2025-08-17T19:52:51","modified_gmt":"2025-08-17T17:52:51","slug":"betty-page","status":"publish","type":"page","link":"https:\/\/stephane-martin.fr\/index.php\/portfolio\/betty-page\/","title":{"rendered":"BETTIE PAGE"},"content":{"rendered":"\t\t<div data-elementor-type=\"wp-page\" data-elementor-id=\"504\" class=\"elementor elementor-504\">\n\t\t\t\t<div class=\"elementor-element elementor-element-5c9ceefb e-flex e-con-boxed parallax_section_no qode_elementor_container_no e-con e-parent\" data-id=\"5c9ceefb\" data-element_type=\"container\">\n\t\t\t\t\t<div class=\"e-con-inner\">\n\t\t\t\t<div class=\"elementor-element elementor-element-29dbd0a elementor-widget__width-initial elementor-widget elementor-widget-text-editor\" data-id=\"29dbd0a\" data-element_type=\"widget\" data-widget_type=\"text-editor.default\">\n\t\t\t\t<div class=\"elementor-widget-container\">\n\t\t\t\t\t\t\t\t\t<p style=\"text-align: center;\">Voici une Bettie Mae Page d\u00e9barrass\u00e9e de toutes les scories de l\u2019imagerie \u00e9rotique mais qui reste un objet de d\u00e9votion.<\/p><p>C\u2019est sa gr\u00e2ce que j\u2019ai voulu capter. Le clair-obscur, les model\u00e9s voluptueux, les poses acad\u00e9miques, la gravit\u00e9 du regard, sont pour moi une source d\u2019inspiration dans le choix des images que j\u2019ai utilis\u00e9 pour r\u00e9aliser mes oeuvres en forme d\u2019ic\u00f4nes sacr\u00e9es, toutes d\u00e9di\u00e9e \u00e0 la gr\u00e2ce de la d\u00e9esse moderne qu\u2019elle fut et demeure encore aujourd\u2019hui.\u00a0 Un hommage en forme de pas de c\u00f4t\u00e9.<\/p>\t\t\t\t\t\t\t\t<\/div>\n\t\t\t\t<\/div>\n\t\t\t\t<div class=\"elementor-element elementor-element-c88e7cb elementor-widget elementor-widget-bridge_portfolio_list\" data-id=\"c88e7cb\" data-element_type=\"widget\" data-widget_type=\"bridge_portfolio_list.default\">\n\t\t\t\t<div class=\"elementor-widget-container\">\n\t\t\t\t\t<div class='projects_holder_outer v3 portfolio_with_space portfolio_standard'>\n        <div class='projects_holder portfolio_main_holder clearfix v3 standard portfolio_full_image portfolio_one_by_one'>\n        \n        <article class='mix portfolio_category_37 default' style=''>\n    \n    \n    \n                <div class='image_holder'>\n                <a itemprop='url' class='portfolio_link_for_touch' href='https:\/\/stephane-martin.fr\/index.php\/portfolio_page\/sic-transit-gloria-mundi\/' target='_self'>\n                    \n<span class='image'><img fetchpriority=\"high\" decoding=\"async\" width=\"2000\" height=\"2048\" src=\"https:\/\/stephane-martin.fr\/wp-content\/uploads\/2019\/11\/sic-transit-gloria-mundi-80x80-1.jpg\" class=\"attachment-full size-full wp-post-image\" alt=\"\" srcset=\"https:\/\/stephane-martin.fr\/wp-content\/uploads\/2019\/11\/sic-transit-gloria-mundi-80x80-1.jpg 2000w, https:\/\/stephane-martin.fr\/wp-content\/uploads\/2019\/11\/sic-transit-gloria-mundi-80x80-1-600x614.jpg 600w, https:\/\/stephane-martin.fr\/wp-content\/uploads\/2019\/11\/sic-transit-gloria-mundi-80x80-1-293x300.jpg 293w, https:\/\/stephane-martin.fr\/wp-content\/uploads\/2019\/11\/sic-transit-gloria-mundi-80x80-1-1000x1024.jpg 1000w, https:\/\/stephane-martin.fr\/wp-content\/uploads\/2019\/11\/sic-transit-gloria-mundi-80x80-1-768x786.jpg 768w, https:\/\/stephane-martin.fr\/wp-content\/uploads\/2019\/11\/sic-transit-gloria-mundi-80x80-1-1500x1536.jpg 1500w, https:\/\/stephane-martin.fr\/wp-content\/uploads\/2019\/11\/sic-transit-gloria-mundi-80x80-1-700x717.jpg 700w\" sizes=\"(max-width: 2000px) 100vw, 2000px\" \/><\/span>                <\/a>\n\n                <span class='text_holder'>\n    <span class='text_outer'>\n        <span class='text_inner'>\n            <span class='feature_holder'>\n                        <\/span>\n        <\/span>\n    <\/span>\n<\/span>            <\/div>\n                <div class='portfolio_description ' >\n\n        \n    <h5 itemprop=\"name\" class=\"portfolio_title entry_title\"><a itemprop=\"url\" href=\"https:\/\/stephane-martin.fr\/index.php\/portfolio_page\/sic-transit-gloria-mundi\/\"  target=\"_self\"> SIC TRANSIT GLORIA MUNDI<\/a><\/h5>\n\n\n        \n            <span class=\"project_category\"  >\n    BETTIE PAGE    <\/span>\n\n    <\/div>\n        \n<\/article>\n<article class='mix portfolio_category_37 default' style=''>\n    \n    \n    \n                <div class='image_holder'>\n                <a itemprop='url' class='portfolio_link_for_touch' href='https:\/\/stephane-martin.fr\/index.php\/portfolio_page\/bettie-p\/' target='_self'>\n                    \n<span class='image'><img decoding=\"async\" width=\"1440\" height=\"1440\" src=\"https:\/\/stephane-martin.fr\/wp-content\/uploads\/2023\/01\/277352499_10159737805454096_2606356896805887701_n.jpg\" class=\"attachment-full size-full wp-post-image\" alt=\"\" srcset=\"https:\/\/stephane-martin.fr\/wp-content\/uploads\/2023\/01\/277352499_10159737805454096_2606356896805887701_n.jpg 1440w, https:\/\/stephane-martin.fr\/wp-content\/uploads\/2023\/01\/277352499_10159737805454096_2606356896805887701_n-300x300.jpg 300w, https:\/\/stephane-martin.fr\/wp-content\/uploads\/2023\/01\/277352499_10159737805454096_2606356896805887701_n-100x100.jpg 100w, https:\/\/stephane-martin.fr\/wp-content\/uploads\/2023\/01\/277352499_10159737805454096_2606356896805887701_n-600x600.jpg 600w, https:\/\/stephane-martin.fr\/wp-content\/uploads\/2023\/01\/277352499_10159737805454096_2606356896805887701_n-1024x1024.jpg 1024w, https:\/\/stephane-martin.fr\/wp-content\/uploads\/2023\/01\/277352499_10159737805454096_2606356896805887701_n-150x150.jpg 150w, https:\/\/stephane-martin.fr\/wp-content\/uploads\/2023\/01\/277352499_10159737805454096_2606356896805887701_n-768x768.jpg 768w, https:\/\/stephane-martin.fr\/wp-content\/uploads\/2023\/01\/277352499_10159737805454096_2606356896805887701_n-1080x1080.jpg 1080w, https:\/\/stephane-martin.fr\/wp-content\/uploads\/2023\/01\/277352499_10159737805454096_2606356896805887701_n-1280x1280.jpg 1280w, https:\/\/stephane-martin.fr\/wp-content\/uploads\/2023\/01\/277352499_10159737805454096_2606356896805887701_n-980x980.jpg 980w, https:\/\/stephane-martin.fr\/wp-content\/uploads\/2023\/01\/277352499_10159737805454096_2606356896805887701_n-480x480.jpg 480w\" sizes=\"(max-width: 1440px) 100vw, 1440px\" \/><\/span>                <\/a>\n\n                <span class='text_holder'>\n    <span class='text_outer'>\n        <span class='text_inner'>\n            <span class='feature_holder'>\n                        <\/span>\n        <\/span>\n    <\/span>\n<\/span>            <\/div>\n                <div class='portfolio_description ' >\n\n        \n    <h5 itemprop=\"name\" class=\"portfolio_title entry_title\"><a itemprop=\"url\" href=\"https:\/\/stephane-martin.fr\/index.php\/portfolio_page\/bettie-p\/\"  target=\"_self\"> BETTIE P<\/a><\/h5>\n\n\n        \n            <span class=\"project_category\"  >\n    BETTIE PAGE    <\/span>\n\n    <\/div>\n        \n<\/article>\n<article class='mix portfolio_category_37 default' style=''>\n    \n    \n    \n                <div class='image_holder'>\n                <a itemprop='url' class='portfolio_link_for_touch' href='https:\/\/stephane-martin.fr\/index.php\/portfolio_page\/bettie-with-lilies\/' target='_self'>\n                    \n<span class='image'><img decoding=\"async\" width=\"1440\" height=\"1440\" src=\"https:\/\/stephane-martin.fr\/wp-content\/uploads\/2019\/11\/bettie-with-lilies.jpg\" class=\"attachment-full size-full wp-post-image\" alt=\"\" srcset=\"https:\/\/stephane-martin.fr\/wp-content\/uploads\/2019\/11\/bettie-with-lilies.jpg 1440w, https:\/\/stephane-martin.fr\/wp-content\/uploads\/2019\/11\/bettie-with-lilies-300x300.jpg 300w, https:\/\/stephane-martin.fr\/wp-content\/uploads\/2019\/11\/bettie-with-lilies-100x100.jpg 100w, https:\/\/stephane-martin.fr\/wp-content\/uploads\/2019\/11\/bettie-with-lilies-600x600.jpg 600w, https:\/\/stephane-martin.fr\/wp-content\/uploads\/2019\/11\/bettie-with-lilies-1024x1024.jpg 1024w, https:\/\/stephane-martin.fr\/wp-content\/uploads\/2019\/11\/bettie-with-lilies-150x150.jpg 150w, https:\/\/stephane-martin.fr\/wp-content\/uploads\/2019\/11\/bettie-with-lilies-768x768.jpg 768w, https:\/\/stephane-martin.fr\/wp-content\/uploads\/2019\/11\/bettie-with-lilies-570x570.jpg 570w, https:\/\/stephane-martin.fr\/wp-content\/uploads\/2019\/11\/bettie-with-lilies-500x500.jpg 500w, https:\/\/stephane-martin.fr\/wp-content\/uploads\/2019\/11\/bettie-with-lilies-1000x1000.jpg 1000w, https:\/\/stephane-martin.fr\/wp-content\/uploads\/2019\/11\/bettie-with-lilies-700x700.jpg 700w, https:\/\/stephane-martin.fr\/wp-content\/uploads\/2019\/11\/bettie-with-lilies-650x650.jpg 650w, https:\/\/stephane-martin.fr\/wp-content\/uploads\/2019\/11\/bettie-with-lilies-1300x1300.jpg 1300w\" sizes=\"(max-width: 1440px) 100vw, 1440px\" \/><\/span>                <\/a>\n\n                <span class='text_holder'>\n    <span class='text_outer'>\n        <span class='text_inner'>\n            <span class='feature_holder'>\n                        <\/span>\n        <\/span>\n    <\/span>\n<\/span>            <\/div>\n                <div class='portfolio_description ' >\n\n        \n    <h5 itemprop=\"name\" class=\"portfolio_title entry_title\"><a itemprop=\"url\" href=\"https:\/\/stephane-martin.fr\/index.php\/portfolio_page\/bettie-with-lilies\/\"  target=\"_self\"> BETTIE WITH LILIES<\/a><\/h5>\n\n\n        \n            <span class=\"project_category\"  >\n    BETTIE PAGE    <\/span>\n\n    <\/div>\n        \n<\/article>\n        <div class='filler'><\/div>\n            <div class='filler'><\/div>\n            <div class='filler'><\/div>\n        <\/div>\n\n    \n    <\/div>\t\t\t\t<\/div>\n\t\t\t\t<\/div>\n\t\t\t\t\t<\/div>\n\t\t\t\t<\/div>\n\t\t\t\t<\/div>\n\t\t","protected":false},"excerpt":{"rendered":"<p>Voici une Bettie Mae Page d\u00e9barrass\u00e9e de toutes les scories de l\u2019imagerie \u00e9rotique mais qui reste un objet de d\u00e9votion. C\u2019est sa gr\u00e2ce que j\u2019ai voulu capter. Le clair-obscur, les model\u00e9s voluptueux, les poses acad\u00e9miques, la gravit\u00e9 du regard, sont pour moi une source d\u2019inspiration&#8230;<\/p>\n","protected":false},"author":1,"featured_media":0,"parent":151,"menu_order":0,"comment_status":"closed","ping_status":"closed","template":"full_width.php","meta":{"footnotes":""},"class_list":["post-504","page","type-page","status-publish","hentry"],"yoast_head":"<!-- This site is optimized with the Yoast SEO plugin v25.7 - https:\/\/yoast.com\/wordpress\/plugins\/seo\/ -->\n<title>BETTIE PAGE - St\u00e9phane MARTIN - Artiste Plasticien<\/title>\n<meta name=\"robots\" content=\"noindex, follow, max-snippet:-1, max-image-preview:large, max-video-preview:-1\" \/>\n<meta property=\"og:locale\" content=\"fr_FR\" \/>\n<meta property=\"og:type\" content=\"article\" \/>\n<meta property=\"og:title\" content=\"BETTIE PAGE - St\u00e9phane MARTIN - Artiste Plasticien\" \/>\n<meta property=\"og:description\" content=\"Voici une Bettie Mae Page d\u00e9barrass\u00e9e de toutes les scories de l\u2019imagerie \u00e9rotique mais qui reste un objet de d\u00e9votion. C\u2019est sa gr\u00e2ce que j\u2019ai voulu capter. Le clair-obscur, les model\u00e9s voluptueux, les poses acad\u00e9miques, la gravit\u00e9 du regard, sont pour moi une source d\u2019inspiration...\" \/>\n<meta property=\"og:url\" content=\"https:\/\/stephane-martin.fr\/index.php\/portfolio\/betty-page\/\" \/>\n<meta property=\"og:site_name\" content=\"St\u00e9phane MARTIN - Artiste Plasticien\" \/>\n<meta property=\"article:modified_time\" content=\"2025-08-17T17:52:51+00:00\" \/>\n<meta property=\"og:image\" content=\"https:\/\/stephane-martin.fr\/wp-content\/uploads\/2019\/11\/sic-transit-gloria-mundi-80x80-1.jpg\" \/>\n<meta name=\"twitter:card\" content=\"summary_large_image\" \/>\n<meta name=\"twitter:label1\" content=\"Dur\u00e9e de lecture estim\u00e9e\" \/>\n\t<meta name=\"twitter:data1\" content=\"2 minutes\" \/>\n<script type=\"application\/ld+json\" class=\"yoast-schema-graph\">{\"@context\":\"https:\/\/schema.org\",\"@graph\":[{\"@type\":\"WebPage\",\"@id\":\"https:\/\/stephane-martin.fr\/index.php\/portfolio\/betty-page\/\",\"url\":\"https:\/\/stephane-martin.fr\/index.php\/portfolio\/betty-page\/\",\"name\":\"BETTIE PAGE - St\u00e9phane MARTIN - Artiste Plasticien\",\"isPartOf\":{\"@id\":\"https:\/\/stephane-martin.fr\/#website\"},\"primaryImageOfPage\":{\"@id\":\"https:\/\/stephane-martin.fr\/index.php\/portfolio\/betty-page\/#primaryimage\"},\"image\":{\"@id\":\"https:\/\/stephane-martin.fr\/index.php\/portfolio\/betty-page\/#primaryimage\"},\"thumbnailUrl\":\"https:\/\/stephane-martin.fr\/wp-content\/uploads\/2019\/11\/sic-transit-gloria-mundi-80x80-1.jpg\",\"datePublished\":\"2025-06-22T18:56:53+00:00\",\"dateModified\":\"2025-08-17T17:52:51+00:00\",\"breadcrumb\":{\"@id\":\"https:\/\/stephane-martin.fr\/index.php\/portfolio\/betty-page\/#breadcrumb\"},\"inLanguage\":\"fr-FR\",\"potentialAction\":[{\"@type\":\"ReadAction\",\"target\":[\"https:\/\/stephane-martin.fr\/index.php\/portfolio\/betty-page\/\"]}]},{\"@type\":\"ImageObject\",\"inLanguage\":\"fr-FR\",\"@id\":\"https:\/\/stephane-martin.fr\/index.php\/portfolio\/betty-page\/#primaryimage\",\"url\":\"https:\/\/stephane-martin.fr\/wp-content\/uploads\/2019\/11\/sic-transit-gloria-mundi-80x80-1.jpg\",\"contentUrl\":\"https:\/\/stephane-martin.fr\/wp-content\/uploads\/2019\/11\/sic-transit-gloria-mundi-80x80-1.jpg\",\"width\":2000,\"height\":2048},{\"@type\":\"BreadcrumbList\",\"@id\":\"https:\/\/stephane-martin.fr\/index.php\/portfolio\/betty-page\/#breadcrumb\",\"itemListElement\":[{\"@type\":\"ListItem\",\"position\":1,\"name\":\"Accueil\",\"item\":\"https:\/\/stephane-martin.fr\/\"},{\"@type\":\"ListItem\",\"position\":2,\"name\":\"Oeuvres\",\"item\":\"https:\/\/stephane-martin.fr\/index.php\/portfolio\/\"},{\"@type\":\"ListItem\",\"position\":3,\"name\":\"BETTIE PAGE\"}]},{\"@type\":\"WebSite\",\"@id\":\"https:\/\/stephane-martin.fr\/#website\",\"url\":\"https:\/\/stephane-martin.fr\/\",\"name\":\"St\u00e9phane MARTIN - Artiste Plasticien\",\"description\":\"Peintre d&#039;Ic\u00f4nes Contemporaines\",\"publisher\":{\"@id\":\"https:\/\/stephane-martin.fr\/#\/schema\/person\/f4352cda1c7a9ea65fc2123cecb55af9\"},\"potentialAction\":[{\"@type\":\"SearchAction\",\"target\":{\"@type\":\"EntryPoint\",\"urlTemplate\":\"https:\/\/stephane-martin.fr\/?s={search_term_string}\"},\"query-input\":{\"@type\":\"PropertyValueSpecification\",\"valueRequired\":true,\"valueName\":\"search_term_string\"}}],\"inLanguage\":\"fr-FR\"},{\"@type\":[\"Person\",\"Organization\"],\"@id\":\"https:\/\/stephane-martin.fr\/#\/schema\/person\/f4352cda1c7a9ea65fc2123cecb55af9\",\"name\":\"St\u00e9phane MARTIN\",\"image\":{\"@type\":\"ImageObject\",\"inLanguage\":\"fr-FR\",\"@id\":\"https:\/\/stephane-martin.fr\/#\/schema\/person\/image\/\",\"url\":\"https:\/\/stephane-martin.fr\/wp-content\/uploads\/2025\/06\/favicon.png\",\"contentUrl\":\"https:\/\/stephane-martin.fr\/wp-content\/uploads\/2025\/06\/favicon.png\",\"width\":512,\"height\":512,\"caption\":\"St\u00e9phane MARTIN\"},\"logo\":{\"@id\":\"https:\/\/stephane-martin.fr\/#\/schema\/person\/image\/\"},\"sameAs\":[\"http:\/\/stephane-martin.fr\"]}]}<\/script>\n<!-- \/ Yoast SEO plugin. -->","yoast_head_json":{"title":"BETTIE PAGE - St\u00e9phane MARTIN - Artiste Plasticien","robots":{"index":"noindex","follow":"follow","max-snippet":"max-snippet:-1","max-image-preview":"max-image-preview:large","max-video-preview":"max-video-preview:-1"},"og_locale":"fr_FR","og_type":"article","og_title":"BETTIE PAGE - St\u00e9phane MARTIN - Artiste Plasticien","og_description":"Voici une Bettie Mae Page d\u00e9barrass\u00e9e de toutes les scories de l\u2019imagerie \u00e9rotique mais qui reste un objet de d\u00e9votion. C\u2019est sa gr\u00e2ce que j\u2019ai voulu capter. Le clair-obscur, les model\u00e9s voluptueux, les poses acad\u00e9miques, la gravit\u00e9 du regard, sont pour moi une source d\u2019inspiration...","og_url":"https:\/\/stephane-martin.fr\/index.php\/portfolio\/betty-page\/","og_site_name":"St\u00e9phane MARTIN - Artiste Plasticien","article_modified_time":"2025-08-17T17:52:51+00:00","og_image":[{"url":"https:\/\/stephane-martin.fr\/wp-content\/uploads\/2019\/11\/sic-transit-gloria-mundi-80x80-1.jpg","type":"","width":"","height":""}],"twitter_card":"summary_large_image","twitter_misc":{"Dur\u00e9e de lecture estim\u00e9e":"2 minutes"},"schema":{"@context":"https:\/\/schema.org","@graph":[{"@type":"WebPage","@id":"https:\/\/stephane-martin.fr\/index.php\/portfolio\/betty-page\/","url":"https:\/\/stephane-martin.fr\/index.php\/portfolio\/betty-page\/","name":"BETTIE PAGE - St\u00e9phane MARTIN - Artiste Plasticien","isPartOf":{"@id":"https:\/\/stephane-martin.fr\/#website"},"primaryImageOfPage":{"@id":"https:\/\/stephane-martin.fr\/index.php\/portfolio\/betty-page\/#primaryimage"},"image":{"@id":"https:\/\/stephane-martin.fr\/index.php\/portfolio\/betty-page\/#primaryimage"},"thumbnailUrl":"https:\/\/stephane-martin.fr\/wp-content\/uploads\/2019\/11\/sic-transit-gloria-mundi-80x80-1.jpg","datePublished":"2025-06-22T18:56:53+00:00","dateModified":"2025-08-17T17:52:51+00:00","breadcrumb":{"@id":"https:\/\/stephane-martin.fr\/index.php\/portfolio\/betty-page\/#breadcrumb"},"inLanguage":"fr-FR","potentialAction":[{"@type":"ReadAction","target":["https:\/\/stephane-martin.fr\/index.php\/portfolio\/betty-page\/"]}]},{"@type":"ImageObject","inLanguage":"fr-FR","@id":"https:\/\/stephane-martin.fr\/index.php\/portfolio\/betty-page\/#primaryimage","url":"https:\/\/stephane-martin.fr\/wp-content\/uploads\/2019\/11\/sic-transit-gloria-mundi-80x80-1.jpg","contentUrl":"https:\/\/stephane-martin.fr\/wp-content\/uploads\/2019\/11\/sic-transit-gloria-mundi-80x80-1.jpg","width":2000,"height":2048},{"@type":"BreadcrumbList","@id":"https:\/\/stephane-martin.fr\/index.php\/portfolio\/betty-page\/#breadcrumb","itemListElement":[{"@type":"ListItem","position":1,"name":"Accueil","item":"https:\/\/stephane-martin.fr\/"},{"@type":"ListItem","position":2,"name":"Oeuvres","item":"https:\/\/stephane-martin.fr\/index.php\/portfolio\/"},{"@type":"ListItem","position":3,"name":"BETTIE PAGE"}]},{"@type":"WebSite","@id":"https:\/\/stephane-martin.fr\/#website","url":"https:\/\/stephane-martin.fr\/","name":"St\u00e9phane MARTIN - Artiste Plasticien","description":"Peintre d&#039;Ic\u00f4nes Contemporaines","publisher":{"@id":"https:\/\/stephane-martin.fr\/#\/schema\/person\/f4352cda1c7a9ea65fc2123cecb55af9"},"potentialAction":[{"@type":"SearchAction","target":{"@type":"EntryPoint","urlTemplate":"https:\/\/stephane-martin.fr\/?s={search_term_string}"},"query-input":{"@type":"PropertyValueSpecification","valueRequired":true,"valueName":"search_term_string"}}],"inLanguage":"fr-FR"},{"@type":["Person","Organization"],"@id":"https:\/\/stephane-martin.fr\/#\/schema\/person\/f4352cda1c7a9ea65fc2123cecb55af9","name":"St\u00e9phane MARTIN","image":{"@type":"ImageObject","inLanguage":"fr-FR","@id":"https:\/\/stephane-martin.fr\/#\/schema\/person\/image\/","url":"https:\/\/stephane-martin.fr\/wp-content\/uploads\/2025\/06\/favicon.png","contentUrl":"https:\/\/stephane-martin.fr\/wp-content\/uploads\/2025\/06\/favicon.png","width":512,"height":512,"caption":"St\u00e9phane MARTIN"},"logo":{"@id":"https:\/\/stephane-martin.fr\/#\/schema\/person\/image\/"},"sameAs":["http:\/\/stephane-martin.fr"]}]}},"_links":{"self":[{"href":"https:\/\/stephane-martin.fr\/index.php\/wp-json\/wp\/v2\/pages\/504","targetHints":{"allow":["GET"]}}],"collection":[{"href":"https:\/\/stephane-martin.fr\/index.php\/wp-json\/wp\/v2\/pages"}],"about":[{"href":"https:\/\/stephane-martin.fr\/index.php\/wp-json\/wp\/v2\/types\/page"}],"author":[{"embeddable":true,"href":"https:\/\/stephane-martin.fr\/index.php\/wp-json\/wp\/v2\/users\/1"}],"replies":[{"embeddable":true,"href":"https:\/\/stephane-martin.fr\/index.php\/wp-json\/wp\/v2\/comments?post=504"}],"version-history":[{"count":16,"href":"https:\/\/stephane-martin.fr\/index.php\/wp-json\/wp\/v2\/pages\/504\/revisions"}],"predecessor-version":[{"id":1399,"href":"https:\/\/stephane-martin.fr\/index.php\/wp-json\/wp\/v2\/pages\/504\/revisions\/1399"}],"up":[{"embeddable":true,"href":"https:\/\/stephane-martin.fr\/index.php\/wp-json\/wp\/v2\/pages\/151"}],"wp:attachment":[{"href":"https:\/\/stephane-martin.fr\/index.php\/wp-json\/wp\/v2\/media?parent=504"}],"curies":[{"name":"wp","href":"https:\/\/api.w.org\/{rel}","templated":true}]}}